*i + 58*i. Let j(n) = n**2 + 4*n - 7. Let v be j(7). Suppose v - 202 = -2*m. Calculate the greatest common divisor of i and m.
6
Suppose -3*b + 545 = -4*m, 4*b + 0*m - m = 744. Let r be 5*((-120)/25)/(-6). Suppose w = r + 13. Calculate the greatest common divisor of b and w.
17
Suppose 4*t = -3*l - 15, 4*t - 1 = 3*l + 14. Suppose 2*c - 87 = -5*k - 28, -2*k - 10 = t. Calculate the highest common factor of c and 28.
14
Suppose -5*l + 119 = -41. Let m(f) = -11*f - 115. Let s be m(-13). Suppose -4*t - 12 + s = 0. What is the greatest common divisor of l and t?
4
Suppose 2064 = z - 5*r + 7*r, 3*z - 6192 = r. Suppose 3*f = -4*q - f + z, -2 = 2*f. Calculate the greatest common divisor of q and 141.
47
Let y(s) = -s**3 - 12*s**2 + 6*s - 16. Let l be y(-13). Suppose -c = -5*u - 45, 9*u - l = -3*c + 4*u. Calculate the greatest common factor of c and 40.
10
Let l = 255 + -243. Calculate the highest common divisor of l and 27.
3
Let o be (8/(-2))/(1 - 3). Let z = -829 - -845. What is the greatest common factor of o and z?
2
Let f be 2 - (8/6*3 + -7). Let p = -8 - -8. Let i(a) = -2*a + 45. Let h be i(p). What is the greatest common divisor of h and f?
5
Let s = -1250 - -1839. Calculate the highest common factor of 155 and s.
31
Suppose 9*k = 12 + 15. Suppose -4*r - g = k*g - 128, -3*r = -3*g - 120. Let u = -3 + 27. What is the greatest common factor of u and r?
12
Suppose -7008 = 174*f - 393*f. Calculate the greatest common factor of 1992 and f.
8
Suppose 2*r = -0*r + 42. Let c(y) = -746*y - 5054. Let a be c(-7). Calculate the greatest common divisor of a and r.
21
Suppose 95*n = 92*n - 96. Let i(v) = -v**3 - 31*v**2 + 27*v - 34. Let t be i(n). What is the greatest common divisor of 14 and t?
14
Let z = 98777 - 98721. Suppose 4*f - w - 668 = 0, 2*w = -f - 3*w + 188. What is the greatest common divisor of z and f?
56
Let d(v) = v**3 - 34*v**2 - 88*v - 4. Let l be d(37). Calculate the greatest common factor of l and 7.
7
Suppose -127 - 125 = -36*h. Let p = -243 - -425. Calculate the highest common factor of h and p.
7
Let s be (-30)/12*(-3)/(6/4). Let i be 3 - s/((-15)/(-48)). Let h = 17 + i. Calculate the greatest common divisor of 36 and h.
4
Let z be (-4)/18 + 5*12/270. Let m(l) = -2*l - 40. Let a be m(z). Let u be ((-784)/a)/(2/5). What is the greatest common factor of 14 and u?
7
Suppose m + 4*m = 7*y + 394, 4*m = 5*y + 311. Let g be 113 - (2 + (-4 - 0)). What is the greatest common factor of g and m?
23
Let h(r) = 17*r - r**3 + 35 - 13 - r**2 - 16*r. Let g be h(0). Calculate the greatest common factor of 121 and g.
11
Suppose -5*w = -45, k - 5*w + 2 = -7. Suppose -5*m + 13 = -7. Calculate the greatest common divisor of m and k.
4
Let p(q) = -48*q - 22. Let s be p(4). Let m = s - -141. Let c = -31 - m. What is the greatest common divisor of 21 and c?
21
Let d = 6084 + -3752. Calculate the highest common factor of d and 88.
44
Let x be 1681647/(-393)*(-5 - 2). Calculate the highest common factor of 77 and x.
77
Let i be 7/(((-6)/(-3))/26). Let k(l) = 718*l + 2180. Let r be k(-3). What is the highest common divisor of r and i?
13
Let n = -949 + 966. Calculate the highest common factor of 2108 and n.
17
Let q(k) = k**3 + 10*k**2 - 1167*k + 5684. Let y be q(5). Let p = 313 - 173. What is the greatest common divisor of p and y?
28
Let z be -2*(-345)/(-10) + -2. Let m = z - -157. Let b = m + -42. What is the greatest common factor of b and 110?
22
Suppose 2*t + 3*v = 590, 0 = 4*t - 5*v - 1413 + 189. Calculate the highest common divisor of 645 and t.
43
Suppose -4*v + 0*v - 3*h + 44 = 0, 2*v - h = 12. Suppose -x + 5*g + 69 = -247, 3*x - 4*g - 904 = 0. Calculate the highest common factor of x and v.
8
Let z(h) be the second derivative of h**3/2 + 3*h**2 - 565*h. Suppose -3*d + 57 = -0*d. Let c be z(d). What is the greatest common factor of c and 7?
7
Let b = -21317 + 21479. Calculate the greatest common factor of 234 and b.
18
Suppose -3*h + h - 5*t + 703 = 0, -20 = 4*t. What is the highest common divisor of 52 and h?
52
Let c(h) = 5*h + 193. Let y be c(-9). Let w = -46 + 83. Calculate the highest common factor of y and w.
37
Suppose 0 = 11*s + 659 + 2883. Let l = -138 - s. What is the greatest common factor of l and 8?
8
Suppose 3*v - 10*v = -21. Suppose 0 = -d + 3*d + h - 10, v = 5*d - 3*h. What is the highest common divisor of 3 and d?
3
Let q(i) = 9*i + 91. Let p be q(-10). Let h be 5 - (-7 - (p + 4)). What is the highest common factor of 221 and h?
17
Suppose -17*v + 472 = -1517. Let o be (14/(-4) - -4)*10. Let s = 34 + o. Calculate the greatest common divisor of v and s.
39
Suppose 0 = -2*d - 15*d + 4607. Suppose 4*g - d = -3*n, 2*g - 144 = -4*n + 4. Calculate the highest common divisor of 40 and g.
8
Let w be (-2 - (-4184)/16)/(1/4). Calculate the greatest common divisor of w and 12.
6
Suppose 10*j - 16*j + 96 = 0. Suppose -4 = -17*r + j*r. Let w be (0 - r/(-6)) + (-372)/(-36). What is the greatest common factor of 11 and w?
11
Let z(i) = i**3 - 15*i**2 - i + 158. Let g be z(15). Calculate the highest common divisor of 117 and g.
13
Let u be ((-174)/21)/((-300)/(-105) - 3). Calculate the greatest common factor of u and 899.
29
Let d(k) = 7*k**2 + 19*k + 2. Let v(y) = y**2 + y - 1. Let f(q) = d(q) - 6*v(q). Let j be f(-17). What is the highest common factor of 16 and j?
4
Let m(l) = 4*l**2 - 12*l + 10. Let k be m(1). Let t be (4 + 0)/(1 - 3). Let z be -4 + (8/t - -26). Calculate the greatest common factor of k and z.
2
Let m be 57 + 4 + -3 + 6. Suppose 3*n = -5*r + 2*n + 1276, -4*r = 2*n - 1016. Calculate the highest common divisor of m and r.
64
Suppose 5*z - 5*i - 6 = 6*z, -2*z + 2*i = -12. Suppose -4*f - z*o - 247 = -5*f, -o = -5*f + 1159. What is the greatest common divisor of 42 and f?
21
Let d be 48/80 - (-6)/(-15)*397/(-2). What is the greatest common factor of 132 and d?
4
Let n be ((-35)/21 + 7)*108/4. Let f(k) = k**2 - 2*k - 6. Let g be f(-4). Suppose 0*t - g = -t. What is the greatest common divisor of t and n?
18
Let l = 11284 + -4661. What is the highest common divisor of 37 and l?
37
Let t = 38272 + -24136. Calculate the highest common divisor of 57 and t.
57
Let c be (1365 + -12 - -6)/((-3)/(-3)). What is the greatest common divisor of c and 604?
151
Suppose -2*s - 5 + 15 = -f, 4*f = 0. Let v = 34 + -47. Let c(b) = b**3 + 14*b**2 + 11*b - 21. Let h be c(v). What is the highest common divisor of h and s?
5
Let o = -1 - -2. Let w(m) = 76*m + 27. Let y(q) = 37*q + 12. Let f(r) = -3*w(r) + 7*y(r). Let n be f(o). What is the greatest common divisor of 17 and n?
17
Suppose -83*g + 176827 = 3*c - 85*g, -7*g + 58904 = c. What is the highest common factor of 17 and c?
17
Let g = -77212 + 112412. What is the highest common factor of 50 and g?
50
Let g(r) = 93*r**3 - 9*r + 3 - 3 + 7*r. Let i be g(1). Let v = -43 + i. What is the greatest common factor of v and 12?
12
Suppose 0 = -4*z - 2*h + 6, -z - 3*h - 5 - 1 = 0. Suppose 0*s = -z*y + 2*s + 2321, -3102 = -4*y - s. Calculate the highest common divisor of y and 31.
31
Let u(q) = -q**3 + 7*q**2 - q + 10. Let f be u(7). Suppose f*i = 40 - 10. Let l be 4/14 - i/35 - -32. Calculate the greatest common factor of 48 and l.
16
Suppose -3*q - 3 = -3*k, 2*k = -0*k + 4*q. Suppose -2*p - 9*h = -6*h - 54, 68 = k*p - 4*h. What is the greatest common factor of 195 and p?
15
Let g = -554 - -923. Let v be -4 + 9/2 - (-162)/4. What is the greatest common divisor of g and v?
41
Let s(p) = -4*p**3 + 14*p**2 + 46*p + 124. Let a be s(-7). What is the greatest common factor of 2 and a?
2
Let g(a) = -a**3 - 8*a**2 + 10*a + 27. Let i be g(-9). Let b = -62 - -98. Calculate the highest common divisor of b and i.
18
Let u(c) = 614*c**3 - 6*c**2 - 6*c + 13. Let f be u(1). What is the greatest common factor of 246 and f?
123
Suppose 0 = z + x - 5798, 0 = z - 0*x + 2*x - 5801. What is the greatest common divisor of 475 and z?
95
Let b be -94 - -1*2/(-1). Let x = b + 107. Calculate the highest common divisor of x and 11.
11
Suppose -5*h - 3*n - 362 = -2*n, 140 = -2*h + 2*n. Let y = -27 - h. What is the greatest common factor of 315 and y?
45
Let q = 269 - -84. Let u be -2 + 0 + (q - 0). Calculate the highest common divisor of u and 27.
27
Suppose -345*y + 372*y - 16323 = 1065. Calculate the greatest common factor of 84 and y.
